se 2
-1100
What is 2 (base 12) in base 11?
2
Convert 10002 (base 3) to base 16.
53
What is 16 (base 9) in base 12?
13
What is 84 (base 10) in base 7?
150
-11 (base 2) to base 10
-3
2 (base 13) to base 4
2
Convert 10001 (base 2) to base 5.
32
Convert -2 (base 8) to base 16.
-2
-3 (base 6) to base 14
-3
-475 (base 9) to base 12
-288
What is -23 (base 4) in base 6?
-15
What is 12 (base 5) in base 6?
11
-10 (base 7) to base 13
-7
What is 13 (base 5) in base 7?
11
115 (base 11) to base 8
211
-210 (base 8) to base 5
-1021
What is -204 (base 7) in base 2?
-1100110
What is -11 (base 4) in base 6?
-5
What is 75 (base 8) in base 11?
56
Convert -12 (base 3) to base 13.
-5
Convert 22 (base 5) to base 14.
c
What is -405 (base 6) in base 14?
-a9
What is 43 (base 14) in base 3?
2012
9 (base 10) to base 9
10
What is 220 (base 3) in base 14?
1a
Convert -2 (base 15) to base 4.
-2
Convert 3 (base 4) to base 5.
3
What is 231 (base 6) in base 8?
133
4 (base 9) to base 4
10
-21001 (base 3) to base 5
-1230
-10110111 (base 2) to base 3
-20210
1011110 (base 2) to base 8
136
Convert -14 (base 5) to base 7.
-12
Convert -141 (base 8) to base 16.
-61
What is 1010000 (base 2) in base 14?
5a
Convert 2122 (base 3) to base 10.
71
Convert -10 (base 2) to base 12.
-2
-35 (base 15) to base 11
-46
44 (base 5) to base 12
20
-232 (base 5) to base 4
-1003
0 (base 6) to base 4
0
Convert 102 (base 3) to base 14.
b
Convert 233 (base 4) to base 6.
115
Convert -12 (base 7) to base 8.
-11
What is -5 (base 11) in base 16?
-5
Convert 7 (base 13) to base 9.
7
Convert 2c (base 13) to base 16.
26
What is 0 (base 8) in base 5?
0
What is 9 (base 14) in base 16?
9
Convert -10 (base 16) to base 5.
-31
Convert -a (base 11) to base 6.
-14
-155 (base 8) to base 14
-7b
4 (base 12) to base 13
4
Convert 65 (base 11) to base 6.
155
Convert -1d (base 16) to base 14.
-21
What is 28 (base 12) in base 8?
40
Convert -2 (base 6) to base 12.
-2
What is -9 (base 13) in base 7?
-12
What is 9 (base 12) in base 14?
9
-3 (base 13) to base 15
-3
What is 1 (base 5) in base 12?
1
67 (base 9) to base 14
45
-2 (base 7) to base 2
-10
What is -49 (base 13) in base 10?
-61
10000111 (base 2) to base 3
12000
What is -71 (base 9) in base 5?
-224
Convert 0 (base 3) to base 2.
0
8c (base 15) to base 7
246
Convert -11 (base 8) to base 12.
-9
Convert -82 (base 9) to base 2.
-1001010
20 (base 4) to base 10
8
What is 0 (base 2) in base 9?
0
-3 (base 16) to base 12
-3
What is 36 (base 14) in base 16?
30
-6a (base 14) to base 3
-10111
What is -52 (base 11) in base 8?
-71
5d (base 15) to base 4
1120
What is -1 (base 11) in base 16?
-1
-5 (base 11) to base 13
-5
31 (base 4) to base 14
d
Convert -8 (base 16) to base 2.
-1000
Convert -110 (base 2) to base 6.
-10
Convert 73 (base 9) to base 2.
1000010
What is 8 (base 14) in base 13?
8
Convert 100 (base 4) to base 8.
20
What is -4 (base 9) in base 14?
-4
3 (base 7) to base 8
3
25 (base 6) to base 3
122
Convert 50 (base 10) to base 4.
302
What is -1 (base 13) in base 5?
-1
What is 7 (base 14) in base 10?
7
What is -2 (base 4) in base 13?
-2
What is 11 (base 5) in base 3?
20
What is 15 (base 7) in base 4?
30
-24 (base 8) to base 5
-40
-24 (base 5) to base 8
-16
-111 (base 3) to base 13
-10
Convert -1 (base 9) to base 13.
-1
Convert -12 (base 15) to base 11.
-16
5 (base 10) to base 4
11
What is 134 (base 5) in base 11?
40
What is 61 (base 11) in base 3?
2111
What is -11 (base 6) in base 10?
-7
Convert -82 (base 9) to base 16.
-4a
What is 0 (base 2) in base 6?
0
-10112 (base 4) to base 16
-116
What is -2 (base 3) in base 5?
-2
0 (base 9) to base 2
0
Convert 14 (base 12) to base 5.
31
-12a (base 13) to base 2
-11001101
What is -14 (base 14) in base 2?
-10010
What is b (base 12) in base 9?
12
Convert -2 (base 14) to base 16.
-2
Convert -4 (base 5) to base 9.
-4
What is -55 (base 10) in base 8?
-67
3 (base 11) to base 6
3
Convert -1 (base 11) to base 5.
-1
230 (base 9) to base 13
117
Convert -dd (base 14) to base 7.
-366
What is -69 (base 11) in base 9?
-83
0 (base 4) to base 16
0
Convert 1a (base 11) to base 6.
33
Convert 1 (base 7) to base 3.
1
What is -305 (base 7) in base 14?
-ac
What is -2 (base 12) in base 3?
-2
-1 (base 7) to base 12
-1
1 (base 15) to base 8
1
-1000000 (base 2) to base 6
-144
Convert -10101 (base 2) to base 4.
-111
What is -3 (base 10) in base 8?
-3
Convert 9 (base 12) to base 6.
13
11011 (base 3) to base 8
160
Convert e (base 16) to base 6.
22
Convert -23 (base 6) to base 15.
-10
-2 (base 6) to base 7
-2
Convert 50 (base 10) to base 3.
1212
Convert 11 (base 9) to base 3.
101
What is -1011 (base 2) in base 15?
-b
Convert 332 (base 4) to base 14.
46
What is 3 (base 7) in base 8?
3
0 (base 15) to base 11
0
What is c (base 15) in base 13?
c
What is 1 (base 15) in base 3?
1
What is -42 (base 14) in base 12?
-4a
Convert 77 (base 12) to base 3.
10101
-33 (base 15) to base 16
-30
Convert -124 (base 6) to base 12.
-44
Convert -33 (base 4) to base 8.
-17
Convert -101000 (base 2) to base 10.
-40
What is -3 (base 5) in base 9?
-3
1132 (base 4) to base 16
5e
What is 2 (base 11) in base 2?
10
Convert 10 (base 6) to base 8.
6
2a (base 13) to base 9
40
Convert -49 (base 12) to base 15.
-3c
What is 1 (base 4) in base 10?
1
What is -152 (base 13) in base 5?
-1421
-16 (base 16) to base 12
-1a
-12 (base 10) to base 2
-1100
What is 62 (base 14) in base 6?
222
6 (base 13) to base 6
10
What is 80 (base 13) in base 12?
88
-3 (base 10) to base 6
-3
1 (base 14) to base 10
1
-233 (base 4) to base 5
-142
-2 (base 14) to base 3
-2
3 (base 12) to base 16
3
Convert 60 (base 11) to base 3.
2110
7 (base 11) to base 2
111
What is 120 (base 4) in base 6?
40
What is -54 (base 10) in base 4?
-312
4 (base 7) to base 14
4
Convert 53 (base 15) to base 4.
1032
What is 10011 (base 2) in base 4?
103
What is 15 (base 6) in base 13?
b
What is 71 (base 14) in base 9?
120
Convert 207 (base 8) to base 4.
2013
Convert 8 (base 16) to base 10.
8
4 (base 8) to base 9
4
Convert 5 (base 14) to base 9.
5
What is -1001 (base 2) in base 12?
-9
What is 8 (base 12) in base 9?
8
1111 (base 2) to base 15
10
Convert -256 (base 9) to base 14.
-113
Convert -140 (base 13) to base 8.
-335
-15 (base 9) to base 15
-e
What is 80 (base 9) in base 16?
48
Convert 0 (base 6) to base 10.
0
8 (base 11) to base 15
8
Convert 11 (base 3) to base 10.
4
What is 6 (base 15) in base 6?
10
What is -96 (base 10) in base 14?
-6c
What is -5 (base 7) in base 6?
-5
32 (base 4) to base 16
e
265 (base 9) to base 5
1341
What is 30 (base 9) in base 3?
1000
Convert -21 (base 3) to base 13.
-7
4 (base 8) to base 11
4
Convert -4 (base 13) to base 7.
-4
Convert -10 (base 3) to base 16.
-3
What is -7 (base 15) in base 11?
-7
-2 (base 3) to base 4
-2
Convert -4 (base 11) to base 14.
-4
Convert 163 (base 10) to base 9.
201
What is bb (base 13) in base 12?
10a
What is -3 (base 10) in base 2?
-11
-377 (base 9) to base 16
-139
10 (base 2) to base 15
2
What is 68 (base 11) in base 14?
54
Convert -50 (base 13) to base 10.
-65
-a (base 13) to base 4
-22
-2 (base 12) to base 2
-10
Convert -1214 (base 5) to base 9.
-224
151 (base 10) to base 11
128
22 (base 6) to base 7
20
Convert 27 (base 8) to base 7.
32
Convert 1011010 (base 2) to base 9.
110
Convert -3 (base 16) to base 10.
-3
What is 5 (base 9) in base 11?
5
What is -39 (base 13) in base 3?
-1210
What is -7 (base 15) in base 5?
-12
41 (base 5) to base 10
21
Convert -174 (base 15) to base 5.
-2314
1 (base 12) to base 13
1
-78 (base 14) to base 4
-1222
What is 6 (base 15) in base 11?
6
Convert -3 (base 9) to base 5.
-3
What is -2 (base 9) in base 6?
-2
What is 25 (base 9) in base 16?
17
44 (base 10) to base 6
112
What is -4 (base 14) in base 7?
-4
-c5 (base 14) to base 15
-b8
0 (base 14) to base 10
0
What is 9 (base 11) in base 10?
9
Convert -2 (base 4) to base 11.
-2
Convert -4 (base 6) to base 4.
-10
What is -2 (base 13) in base 5?
-2
3b (base 14) to base 10
53
Convert -4a (base 11) to base 8.
-66
Convert -342 (base 7) to base 5.
-1202
Convert 2 (base 10) to base 4.
2
Convert 112 (base 5) to base 13.
26
Convert 2 (base 5) to base 13.
2
Convert -10 (base 7) to base 3.
-21
Convert -160 (base 7) to base 13.
-70
2 (base 6) to base 5
2
Convert -18 (base 9) to base 12.
-15
What is 422 (base 7) in base 4?
3110
Convert 110 (b